z(v) = v**3 - 16*v**2 - 16*v - 7. Is z(26) a composite number?
False
Suppose 0 = -5*s - 5, -3*s + 7*s = -5*t + 21. Suppose 3*p - t*q = 9992, 3*p + 3*p - 3*q = 19977. Is p composite?
False
Suppose -n - n + 4*v = -2, -5*n + 5*v = -25. Let j be 14225 - (n/3 - 2). Is j/32*2*1 prime?
False
Let b = 8478 - 6719. Is b composite?
False
Suppose 9 = 4*u - 3. Suppose 2*p = -2*r - 480 + 3710, 0 = 3*r - u*p - 4863. Is r a prime number?
False
Let i(u) = 25*u**2 + 13*u - 82. Let o be i(19). Suppose -j + 1033 = -o. Is j composite?
False
Let n be -7*(2/(-3) - 57/9). Let q = 62 - n. Let a(b) = b**3 - 10*b**2 - 5*b - 23. Is a(q) composite?
False
Let w = 53 - 58. Is 19/(-3)*(-11 - w) composite?
True
Suppose 0 = 2*a - 4*a - r + 831928, 0 = 2*a - 3*r - 831936. Suppose 21*u - a = -12*u. Is u a prime number?
False
Let t(i) = 74222*i + 6461. Is t(3) a composite number?
False
Suppose 0*a + 5*h + 15 = a, -3*h + 75 = 5*a. Suppose -304 = -19*c + a*c. Let i = c - -57. Is i composite?
True
Suppose 0 = 244*x - 28*x - 19099368. Is x a prime number?
True
Let n be ((-12)/4)/(1 + -2). Suppose -3*j = -n, 2*m + 2*j - 5*j - 25219 = 0. Is m a composite number?
False
Let q = -126 + 128. Suppose m - q*m - 112 = -z, 2*m + 454 = 4*z. Is z composite?
True
Let p(s) = 7*s + 68. Let y be p(-8). Suppose -36702 = -6*k - y*k. Is k a composite number?
False
Suppose -47*n + 48*n - 53 = 0. Let m = -51 + n. Suppose -998 = -4*y + m*y. Is y prime?
True
Let r(t) = 15642*t**2 + 41*t + 49. Is r(-4) composite?
True
Suppose -32*b + 36*b - 5*v = 1004298, 0 = -2*v - 12. Is b composite?
True
Suppose 22*c = 18*c + h + 955847, -c + 4*h + 238973 = 0. Is c a composite number?
True
Suppose -2 = -7*z + 9*z. Let q be z*8*(-3 + 5/2). Suppose 0 = q*a - 8*a + 4364. Is a prime?
True
Let v(r) = 296*r**3 - 5*r**2 - 28*r + 4. Is v(5) prime?
True
Let n(q) = q + 10. Suppose 3*p - 17 = 4*k, -2*k = k - 5*p - 1. Let v be n(k). Suppose 3*j - v*j + 1241 = 3*t, 4*t - 1654 = j. Is t a composite number?
True
Let u be 40/(-100) + (-1648062)/(-5) + 1. Suppose -5*y + 56*y = u. Is y a composite number?
True
Is 17014775/51 - 18/459 prime?
True
Let r = -117836 + 465607. Is r composite?
False
Suppose 23*p - 28*p - 2*w + 449343 = 0, 0 = -3*w + 12. Is p a composite number?
False
Let c = 958049 + -661656. Is c composite?
True
Let v = 35334 + -1787. Is v a composite number?
False
Suppose m = -3*a + 128838, -a + 9*m - 7*m + 42953 = 0. Is a composite?
True
Suppose 2*m + u = -944 + 76178, -4*m + 5*u + 150496 = 0. Is m prime?
True
Is (-5)/(7 - 12) + (24167 - -1) composite?
False
Let t(l) = 85427*l**2 - 17*l - 5. Is t(-1) composite?
False
Let z(l) = 6*l**2 + 273*l + 14. Is z(-87) composite?
True
Let w(c) = -55*c**3 - 2*c**2 - 5*c + 5. Is w(-7) prime?
False
Let n = -44 + 47. Suppose n*d - 7316 = -2705. Suppose 0 = -2*w + d - 123. Is w composite?
True
Let m = 6622 - -109. Is m composite?
True
Let u be (-5 - -6)/(-2 + 1063/531). Let b = 100 + u. Is b prime?
True
Let h be 3 - 8 - 0 - (1 - 6). Is 2/(h + (-6)/(-20427)) a composite number?
True
Let t = -12206 - -130895. Suppose -119*f - t = -122*f. Is f a prime number?
True
Let q(i) = -i**2 + 8*i - 7. Let d be q(6). Let u(t) be the third derivative of -t**5/60 + t**4/2 - 3*t**3/2 - 2*t**2 - 17. Is u(d) prime?
False
Let o(m) = m**3 - 18*m**2 - 3*m + 1505. Is o(33) prime?
False
Let b be -4 + 64/(4 - 0). Let g(n) = -n**2 + 11*n + 9. Let t be g(b). Is 0/t + (1 - -326) composite?
True
Let n = 2810 + -1794. Suppose -3*r - 850 - 863 = 0. Let y = n + r. Is y a prime number?
False
Suppose 57*u - 131*u = 751797 - 1865423. Is u composite?
True
Let b be (-1988)/(-44) + (-4)/22. Let a = -45 + b. Is a + 1/6 - 697/(-246) composite?
False
Let l be ((-33)/(-4))/((-34)/(-1360)). Let q = l - 174. Suppose 3*v + 6*p - q = 5*p, 0 = -5*p + 15. Is v a prime number?
False
Let h be 1 + -9 + 4 - -5. Let k(z) = 309*z**2 - 2*z + 3. Let u be k(h). Suppose 4*r = -5*c + 1671, -2*r + u = 5*c - 1353. Is c composite?
False
Let h(w) be the first derivative of -82*w**2 - 65*w + 58. Is h(-15) prime?
False
Let j = -268439 - -497362. Is j prime?
True
Let d(b) = -2*b**2 + 16*b - 10. Let t be 216/(-60)*10/(-6). Let m be d(t). Is 82586/98 - (-4)/m a prime number?
False
Let x(t) = -101*t - 14. Let z be ((-5)/(-10) + 0)*-6. Let y be x(z). Let m = y + -68. Is m a composite number?
True
Suppose 0 = 2*l - 5*y - 14111, -3595 = -l - y + 3471. Is l composite?
True
Let n(j) = -24 - 340*j - 60 - 19 + 12. Is n(-12) a composite number?
False
Suppose -3*p + 4065 = 48*f - 51*f, 1343 = p + 3*f. Suppose 5*l = 3*l + 4062. Let w = l - p. Is w prime?
False
Let t = 143691 + -78524. Is t composite?
False
Let k = -5 - 1. Let m = -10853 + 10855. Is (22788/(-162))/(2*m/k) a composite number?
False
Let h(j) = -3424*j + 2485. Is h(-27) a prime number?
True
Let o be 64/(-48) - (-736)/3. Let z = 279 + o. Is z prime?
True
Suppose 0 = 4*w - 8, -k - 10*w + 5*w = -36. Let m be 0 + 25 - (21 - k). Suppose 29*j = m*j - 983. Is j a composite number?
False
Suppose 7*s = -2 + 16. Let u be (2 - -2) + (s - -2178). Suppose 0*b - 5*b + 2709 = -4*l, -4*b - l = -u. Is b composite?
True
Suppose -7*x + 48459 = 8839. Suppose 0*v + 2*a - x = -v, -2*a + 22634 = 4*v. Suppose 5*y + v = 11*y. Is y a composite number?
True
Let i = 616 + -404. Suppose 2*o - 106 = b, -2*o = -2*b + o - i. Let f = 593 + b. Is f composite?
False
Let b(z) = 2197*z - 1032. Is b(37) a composite number?
True
Suppose -4028044 + 2148483 = -24*h + 4134143. Is h a composite number?
True
Let d(f) = -2 + 36*f - 42*f + 19*f**2 + 6. Is d(-13) a prime number?
False
Is 20*(-11)/(-22) + 75387 prime?
False
Let p = 577 - 574. Suppose p*t = 3, 0*h - 2*h + 6537 = -t. Is h composite?
True
Suppose 0 = 5*v + 4*k + 4398 + 10332, -4*k = v + 2946. Let r = -4463 - v. Let y = r + 3114. Is y a prime number?
True
Suppose 0 = -2*x + 27 - 29. Let c(m) = 1783*m**2 - 2*m. Let z be c(x). Let r = z + -1016. Is r a composite number?
False
Suppose p - 2*f = 9, 0*f - 2*f - 29 = -5*p. Suppose -5*j - 63 = -w, j + p*w - 16 = 3*j. Is 0/j + (-5222)/(-2) a prime number?
False
Let h(q) = 94*q - 294. Let m be h(10). Suppose 0 = g + 3*r - m, 3*g = -g + 3*r + 2599. Is g a prime number?
False
Suppose 5*j = -157*m + 154*m + 53867, -4*m + 21558 = 2*j. Is j composite?
False
Suppose 31*j + 34*j + 1231711 = 78*j. Is j composite?
False
Let m(d) = 248*d**2 - 82*d - 683. Is m(-10) composite?
True
Let m be (-7)/(3 + -4 - 0). Suppose -r - m = -9. Is 1900 - ((-28)/35 - r/10) a composite number?
False
Let g = 78983 + 2682. Is g a prime number?
False
Let f = -973 - -2509. Let p = -1051 + f. Is p composite?
True
Suppose 2*r + 21 = 4*l + 7, l = 3*r + 6. Suppose 10*c - l*c - 11123 = 0. Is c a composite number?
True
Is ((-36645)/(-6) - -4)/(3/6) a prime number?
False
Let u(s) = -3*s - 66. Let q be u(-13). Is 72/16*-3*28506/q a composite number?
True
Suppose -150*a + 96271 = -133*a. Is a a prime number?
False
Let l(y) be the third derivative of 7*y**5/15 - 23*y**4/24 + y**3/6 + 3*y**2. Is l(14) a prime number?
True
Suppose 5*h + 5 = 5*l, 2*l + l = 2*h + 7. Suppose -h*d + 7 = 3. Suppose -1152 + d = -p. Is p a composite number?
False
Suppose -3*j - 6 = -2*t, t - 2 - 1 = -j. Suppose -5*l + 2712 + 168 = j. Suppose -3*a = 3*x - l, 229 + 342 = 3*a - 2*x. Is a composite?
False
Suppose 20*r - 25*r + 30 = 0. Suppose r = 5*t - 9. Suppose 5*g - 3*q - 700 = t*g, -4*q = -3*g + 1049. Is g a prime number?
True
Let u(a) = -a + 1. Let n(c) = 150*c + 89. Let o(h) = -n(h) - 5*u(h). Is o(-29) prime?
True
Let u = 845521 - 188934. Is u composite?
False
Suppose -13*z + 20 = -32. Suppose 5*k = -2*b + 20, -9 = -b - 4*k + z. Suppose 3*f + 1156 = 4*f + 5*p, -3*f - b*p + 3458 = 0. Is f a prime number?
True
Let n(f) = -11*f - 27. Let p be n(-4). Let o(g) = g**2 - 16*g - 15. Let c be o(p). Suppose j - 4*k - 1837 = 0, j - c*k + k - 1822 = 0. Is j composite?
True
Let x(z) = 90*z**2 + 38*z - 455. Is x(14) a composite number?
True
Let k be (-39)/(27/(-9)) + -7. Suppose 0*b + 13587 = b. Suppose -k*i - 309 = -b. Is i prime?
True
Let r be (-4 + 2)*(-12)/(-8)*-1. Let p = -564 - -1102. Suppose -5*a = -r*a - p. Is a composite?
False
Let v = 648952 + -176685. Is v composite?
True
Let u(f) = 20064*f**2 - 9*f - 10. Is u(-1) a prime number?
True
Let l = 668 - 3542. Let o be l/(-8)*(-3)/(15/20). Let z = 2786 + o. Is z prime?